).
-3
Let i(q) = -5*q**2 - 3*q - 4. Let j(z) = -z**3 + 32*z**2 + z - 34. Let t be j(32). Give i(t).
-18
Let r = 10 - 5. Let n(z) = -5*z - 2 + 4*z + z**2 + 3 - z. Determine n(r).
16
Let r(z) = -z**3 + 8*z**2 - 7*z + 7. Let b(t) = -t**2 + 7*t. Let w be b(6). Let l be -8*(0 + (-3)/w). Suppose k - 3 = l*p, 0*k + 10 = k + 3*p. Determine r(k).
7
Let o(z) = z**2 - 29 + 100*z + 118*z - 227*z. What is o(12)?
7
Let c = 8 - 2. Let g = 1 - c. Let k(i) = -3. Let l(d) = -2*d + 15. Let a(s) = -6*k(s) - l(s). Give a(g).
-7
Let n(z) = -2*z. Let a = -2 - -26. Suppose 4*w - i - 27 = 0, 5*w - 5*i + a = 69. Let k(o) = o**3 - 7*o**2 + 6*o - 2. Let s be k(w). Give n(s).
4
Let i(r) = -r**3 - 7*r**2 - 5*r + 7. Let l be i(-5). Let v = l + 23. Let u(p) = p**3 - 5*p**2 - 2*p + 5. Determine u(v).
-5
Suppose 4*p = 2*p. Suppose -2*i + y + 5 = -4, p = -4*i + 4*y + 24. Suppose -9 = -2*b + i. Let o(j) = j - 9. What is o(b)?
-3
Suppose -7*c = -11*c + 12. Suppose 3*a = -0*a + c. Let y(t) = -6*t + 6*t + 6*t**2 + 0*t - a. Calculate y(-1).
5
Let s be (-3)/(-2) + 34/(-4). Let q(r) = 157 + 43*r - 166 - 44*r. Give q(s).
-2
Suppose 2 = 3*g - 25. Let n(y) = 3*y - 11. Let z be n(g). Let c(r) = -4 + r + z - 3. Calculate c(0).
9
Let j(v) = -4*v - 15. Let g = -395 - -387. Calculate j(g).
17
Suppose s + 5 + 7 = -3*z, 2*z + 3*s + 15 = 0. Let f(h) = h**3 + 4*h**2 + 2*h - 4. Calculate f(z).
-1
Let l(o) = 0 - o**3 - 15*o + 0 + 2 + 14*o + 8*o**2. Suppose 0 = -j - 1, 3*s + j = -142. Let q = s + 55. Calculate l(q).
-6
Let t(v) = -v**2 - 2*v - 2. Let s be 5/((-75)/(-5))*15. Suppose 4*g - s - 7 = 0. Determine t(g).
-17
Let s be -6*(-2)/(-4)*-1. Let g(k) = -3*k**2 - 3*k + 2*k**2 + 0*k**2 + s. Let y be g(-3). Let v(j) = j**2 - j + 1. Give v(y).
7
Let o(k) = -k**2 - 10*k. Let n be 178/(-16) + (-4)/(-32). Determine o(n).
-11
Let f be (-4 - (-42)/(-3))*2/(-6). Let u(a) = -f + 6 - 3*a. Determine u(-2).
6
Let u(b) = 3*b**2 + 11*b + 12. Let n(o) = -2*o**2 - 7*o - 8. Let a = 15 + -15. Let t(i) = i - 5. Let l be t(a). Let p(m) = l*u(m) - 7*n(m). What is p(-6)?
-4
Suppose -14 = -5*m - 9*m. Let d(i) = -4*i**2 + 1. Determine d(m).
-3
Suppose -5*z - 5 = -4*j, 16 = 4*z + 4. Let l(y) = 8*y + 6. What is l(j)?
46
Let k(n) be the third derivative of n**9/60480 - n**8/6720 - n**7/2520 - n**5/60 - 16*n**2. Let i(u) be the third derivative of k(u). Calculate i(4).
8
Let c(v) be the third derivative of v**6/120 + v**5/30 - v**4/8 - v**3/6 + v**2. Suppose 4*j = g - 4*g, 3*j + 7 = -4*g. Let r be j*(1 - 5/3). What is c(r)?
5
Let j(g) = -g**2 - 15*g + 404. Let y be j(14). Let x(h) = -18*h - 2. Determine x(y).
34
Let w(v) = v**2 - 20*v + 14. Suppose -55 = -3*o + q, -9*q = -5*q - 8. Calculate w(o).
-5
Let k(w) = 2*w**3 - 3*w**3 - 5*w**2 - 286*w + 6 + 300*w. Let l be k(-7). Let t(y) = y**2 - 7*y - 4. Calculate t(l).
-10
Let r be 6/((-2)/1) + -30 + 49. Let m(i) = i**2 - 17*i + 20. Determine m(r).
4
Let b(f) = f**3 - 5*f**2 + 3*f - 3. Let x(j) = -4*j**3 - 35*j**2 + 5*j - 31. Let v be x(-9). Calculate b(v).
12
Let n(a) = 3*a**2 + 3*a - 4. Let i = -283 - -280. Give n(i).
14
Suppose -70*o + 18 = -61*o. Let a(q) = q**3 - q**2 - 5. Give a(o).
-1
Let g(v) = 2*v - 7. Let w = 282 + -277. What is g(w)?
3
Let d(c) be the first derivative of c**3/3 + 2*c**2 - c - 1. Let q be 738/(-328) + 3/(-4). Calculate d(q).
-4
Let n(w) = w. Let u(y) = -1. Let o(x) = n(x) + u(x). Let m = 76 - 76. Calculate o(m).
-1
Let y(i) = -i**2 - 2*i + 8. Let h(p) = 2*p**3 + 12*p**2 + p + 1. Let n be h(-6). Give y(n).
-7
Let c(t) be the third derivative of -t**5/60 - 5*t**4/24 - 7*t**3/6 - 653*t**2 + 3. Let o = -15 - -27. Let j be (1 - -4)*o/(-10). Calculate c(j).
-13
Let r(v) = -v**3 - v**2 + 2*v + 2. Suppose -35 - 5 = 4*g. Let q be g/2*(-4 - -3). Suppose -u + q*o = -22, 7 = u - o - o. Determine r(u).
14
Let o(v) = -4*v**2 + 5*v - 5. Let p(a) = a**2 - a + 1. Let c(t) = 2*o(t) + 9*p(t). Suppose 0 = -3*q - x + 3 + 3, -5*q - x = -8. Determine c(q).
1
Let q be (-115)/20 + 4 + 1/(-4). Let o(a) = 19*a + 9. Let z(y) = -9*y - 4. Suppose 2*s - 3*l - 24 = -2*s, 2*l = 4*s - 28. Let i(v) = s*z(v) + 4*o(v). Give i(q).
10
Let d(l) = l**2 - 3*l + 1. Suppose -b - 68 = -18*b. Let m be (16 + -14)/((-1)/(b/(-2))). What is d(m)?
5
Let y(j) = 3 + 3*j - 9 + 0 + 4. Calculate y(-5).
-17
Suppose 0 = 4*n - c - 52, -4*n + 32 = -3*n - 5*c. Let q(i) = -i**2 + 10*i + 20. Give q(n).
-4
Let x(y) = 5*y**3 + 6*y**2 - 2*y + 5. Let j(i) = 13*i**3 + 17*i**2 - 6*i + 15. Let v(a) = -3*j(a) + 8*x(a). What is v(3)?
1
Let q(f) = -f - 1. Let h(i) = i - 4. Let n(o) = -h(o) - 2*q(o). Suppose -4*w - 30 = -5*u, 0 = 4*u - 5*w + 3*w - 24. Let y = u + -12. Determine n(y).
0
Let r(n) = -18*n**2 + n. Let m = 1655 - 1656. Determine r(m).
-19
Let d be 129/(-12) - 2/8. Let z = 12 + d. Let v(x) = -2*x - 1. Calculate v(z).
-3
Let s(j) = 27*j**3 - 2*j**2 - j. Suppose -4*k - 1 = -4*c - 9, 2*c - 5*k = -7. What is s(c)?
-28
Suppose -188 = -4*x + 2*u, 224 = 5*x + 4*u - u. Let l = -43 + x. Let d(n) = n**3 - 2*n**2 - 4*n + 1. Determine d(l).
-2
Let b(j) = j**2 + j. Suppose 4*h - 2*g + g - 16 = 0, -2*h + 4*g = -8. Suppose 5*a = -h - 1. Determine b(a).
0
Let i(w) = -w - 6. Let b be (-2)/3 - ((-286)/33 + 8). Determine i(b).
-6
Let o(y) be the first derivative of -y**3/3 - 4*y**2 + 4*y + 114. Calculate o(-5).
19
Let v(j) = -j + 3 + 4*j + 1 - 3. What is v(7)?
22
Let k(f) = -16*f - 2. Suppose c - p = 7, -3*p = 23*c - 27*c + 23. What is k(c)?
-34
Suppose -4 = 5*x + d, -2 = -2*x + 5*x + d. Let l(i) be the first derivative of i**3 + i**2 + i + 10. Calculate l(x).
2
Suppose 4 = 882*k - 881*k. Let l(s) = -3*s**3 - 3*s**2 + 3*s - 15. Let p(n) = -5*n**3 - 4*n**2 + 5*n - 23. Let z(i) = -8*l(i) + 5*p(i). What is z(k)?
9
Let a(y) = y - 3. Let u = 313 - 309. Determine a(u).
1
Let c = -15 - -10. Let o(k) = -22*k - k**2 + 5*k - 14 + 11*k + 15 + k. Calculate o(c).
1
Let x = -8 - -9. Let d = x - -6. Let f(o) be the second derivative of o**3/6 + 28*o. What is f(d)?
7
Let x(n) = -2*n**3 + n - 2. Let v(s) = s**3 - 2*s**2 - 2*s. Let w(d) = 3*v(d) + 2*x(d). Calculate w(-5).
-9
Let v = 5 - 23. Let f be (-75)/45*v/10. Let a(p) = -p + 2. Determine a(f).
-1
Let n(r) = -4*r - 4. Let z be 2*(-9)/6 + -10 + 8. Give n(z).
16
Suppose 0 = 3*m + 12, -44 = -4*k - 0*k + 2*m. Let t(i) = -7*i - 3*i**2 + k + i**3 - 2 + 2 - 11. Give t(5).
13
Let c be (-14)/3*(-180)/70. Suppose 4*x + 0*x = c. Let n(a) = x*a - a**3 + 4*a**2 - a + 7 + 3*a - 6. What is n(5)?
1
Let z(d) = 3*d + 5. Let j = 851 + -845. What is z(j)?
23
Let c(p) = -p**3 + 14*p**2 - 25*p + 22. Let a be c(12). Let s(o) = o**2 - 8*o - 15. Calculate s(a).
5
Let o(q) = -q**2 + 8*q + 15. Suppose 5*l - 2*l + 29 = 2*m, 2*m + 4*l - 8 = 0. What is o(m)?
-5
Let o(k) be the first derivative of k**4/12 - 2*k**3/3 - k**2 - k - 19. Let n(z) be the first derivative of o(z). Calculate n(5).
3
Let p(n) = n**3 + 4*n**2 - n - 1. Let k = -21 + 25. Let s = 0 - k. Calculate p(s).
3
Let l(a) = -a**2 - a + 5. Let n be l(0). Let k(m) = 8*m**3 + n*m**3 - 3 - 12*m**3 + 4*m + 0 - 3*m**2. Suppose -5*d = -3*d - 4. Calculate k(d).
1
Let q be (-12)/36*(-27)/(-3). Let j(y) = -y**2 - 3*y + 3. What is j(q)?
3
Let l(n) = -4*n + 4. Let f(o) = o**3 - 3*o**2 + 1. Let r(a) = -a + 5. Let h be r(5). Suppose h = -0*v + 2*v - 4. Let t be f(v). Calculate l(t).
16
Let n(y) = 2*y**2 - 4*y - 1. Let f(b) = -5*b + b + 5*b + 2 - 5. Let h be f(1). Let w(u) = u**3 + 2*u**2 - 4*u - 5. Let x be w(h). What is n(x)?
5
Suppose 0 = -5*g + 2*t + 36, -4*g + 10 = -5*t - 12. Suppose -c - c = g. Let x(j) be the first derivative of j**2/2 + 2*j + 234. Give x(c).
-2
Suppose 6*i = 3*i + w - 39, -2*i = -2*w + 22. Let s(a) = -a - 12. Let y be s(i). Let c(j) = 10*j + 1 + 5*j - 14*j. Calculate c(y).
3
Suppose 0 = h - 21 + 27. Let u(r) = 5*r - 3. Determine u(h).
-33
Let u be ((0 - -10)/1)/(2 - 0). Let a be (-3)/(-2 + u + -4). Let r(b) = b**3 - 2*b**2 - 1. Give r(a).
8
Let u(j) = -j**3 + 10*j**2 + j - 9. Let c be u(10). Let z(s) = 1 - c + s. Let q = 330 + -328. Give z(q).
2
Let j(u) = 9*u. Let a be (-1 + 1 + -1)*1. Let y be (-10)/(-4)*21/(-105)*0. Let k = y - a. Calculate j(k).
9
Suppose 0 = -4*c, 3*b - 2*c = 2 + 7. Suppose -i = i - 40. Suppose -b*a = a - i. Let z(o) = o - 3. Determine z(a).
2
Let q(m) = m**2 - 7*m + 3. Let r be -1 + 5/((-15)/(-27)). Suppose r*v - 3*v = 20. Suppose 